26*i + 6272. What is s(15)?
-118
Let d(j) = 4041*j**2 + 20092*j + 37. What is d(-5)?
602
Let m(q) = 10*q**3 - 462*q**2 + 132*q - 350. Calculate m(46).
1490
Let y(a) = -514*a + 1534. What is y(6)?
-1550
Let a(s) = -s**3 + 10*s**2 + 139*s - 3205. Determine a(22).
-5955
Let j(y) = -6*y**3 + 143*y**2 + 130*y - 5608. Give j(23).
27
Let b(y) = 2*y**3 + 128*y**2 + 216*y + 5693. Calculate b(-63).
23
Let c(y) = 7*y**2 + 3187*y + 6377. Calculate c(-2).
31
Let r(s) = -52*s - 219. Determine r(-16).
613
Let t(o) = -86*o - 6751. Determine t(-81).
215
Let w(s) = s**2 + 471*s + 32973. Give w(-84).
465
Let a(d) = d**3 - 3*d**2 + 978*d + 4011. What is a(-4)?
-13
Let s(g) = -g**2 - 12*g + 2072. Determine s(49).
-917
Let w(n) = 1527*n - 27464. Calculate w(18).
22
Let g(v) = 3*v**3 - 21*v**2 - 4*v - 354. What is g(8)?
-194
Let y(d) = 175*d + 1595. Give y(-9).
20
Let o(m) = m**3 - 505*m**2 - 2543*m - 12. Calculate o(-5).
-47
Let a(f) = -3*f**3 - 70*f**2 - 488*f - 97. Determine a(-9).
812
Let h(v) = 6*v**3 - 5*v**2 + 128*v - 245. What is h(2)?
39
Let m(q) = q**2 + 2178*q - 493706. Determine m(207).
-11
Let h(x) = x**3 - 2907*x**2 - 55719*x + 365755. Determine h(2926).
5
Let t(n) = -195369*n - 3125999. Determine t(-16).
-95
Let a(w) = -w**2 - 4167*w - 610389. Give a(-152).
-109
Let p(c) = -c**3 + 136*c**2 - 152*c + 2216. What is p(135)?
-79
Let a(k) = k**3 + 94*k**2 - 689*k + 284. Give a(-101).
-1534
Let j(t) = -3*t**3 - 212*t**2 + 3051*t - 884. What is j(12)?
16
Let v(p) = 13*p**3 + 315*p**2 + 59*p - 169. What is v(-24)?
143
Let v(w) = 4*w**2 - 422*w + 9093. Give v(75).
-57
Let w(t) = 5*t**2 + 94*t - 671. Give w(6).
73
Let p(c) = -c**3 + 79*c**2 - 1068*c + 931. Give p(16).
-29
Let m(n) = -15*n**2 + 70779*n + 70792. What is m(-1)?
-2
Let u(r) = -12*r**3 + 16*r**2 + 86*r - 702. Calculate u(7).
-3432
Let s(n) = 21*n**3 - 289*n**2 + 555*n - 266. Determine s(1).
21
Let k(v) = -2*v**3 - 1626*v + 3261. Calculate k(2).
-7
Let f(w) = w**3 - 33*w**2 + 337*w - 2090. Determine f(22).
0
Let u(j) = -36*j - 209. Give u(-29).
835
Let k(j) = -2271*j + 4777. What is k(2)?
235
Let y(m) = -57*m - 1564. Determine y(-19).
-481
Let d(b) = -3876*b + 4729. What is d(1)?
853
Let t(u) = 11445*u + 618013. What is t(-54)?
-17
Let r(h) = -50*h**2 + 2237*h - 809. Give r(44).
819
Let g(c) = -129970*c - 3119290. Calculate g(-24).
-10
Let o(r) = 4164*r + 941064. Determine o(-226).
0
Let r(z) = 3*z**3 - 8*z**2 + 473*z - 1910. Calculate r(4).
46
Let m(z) = 949*z - 57608. What is m(61)?
281
Let i(c) = -117*c**2 + 38*c + 102. Determine i(-4).
-1922
Let x(y) = 19*y**2 + 136*y + 14. What is x(-10)?
554
Let f(d) = -2*d**3 - 12*d**2 - 50*d - 36. Calculate f(-9).
900
Let d(v) = 20892*v - 1525127. Calculate d(73).
-11
Let y(m) = 2225*m + 11222. Determine y(-6).
-2128
Let s(f) = f**3 - 28*f**2 - 63*f + 52. What is s(30)?
-38
Let z(l) = -2*l**3 + 57*l**2 + 16256*l + 80. Calculate z(-77).
-613
Let i(g) = -259*g**2 + 4289*g - 4290. Give i(1).
-260
Let i(s) = -39928*s - 79858. Determine i(-2).
-2
Let o(n) = -1324*n - 28969. Calculate o(-22).
159
Let n(b) = 564655*b + 1129301. Calculate n(-2).
-9
Let i(x) = x**3 - 23*x**2 + 36*x - 39. What is i(8)?
-711
Let g(n) = -n**2 + 24*n + 11050. Give g(-93).
169
Let u(l) = 52786*l + 2797710. Calculate u(-53).
52
Let n(l) = -112486*l + 1. Determine n(0).
1
Let n(o) = 2*o**3 + 303*o**2 + 7379*o - 227. Give n(-121).
15
Let q(k) = -3*k**2 - 294*k + 4686. What is q(-115)?
-1179
Let m(a) = 932*a + 93218. Determine m(-100).
18
Let m(q) = 7559*q + 30217. What is m(-4)?
-19
Let p(n) = -5*n**3 + 763*n**2 - 4014*n - 14996. Give p(147).
-2
Let g(n) = n**2 - 14*n - 475. What is g(-37)?
1412
Let h(g) = 1361*g + 423242. Determine h(-311).
-29
Let q(j) = 567*j - 965. Give q(2).
169
Let n(i) = -181*i - 4385. Determine n(-24).
-41
Let i(h) = -3*h**3 - 176*h**2 - 302*h + 99. Determine i(-57).
1068
Let f(d) = 4990*d + 29964. What is f(-6)?
24
Let h(i) = i**3 - 27*i**2 - 118*i + 150. Give h(13).
-3750
Let b(i) = 10*i**3 + 330*i**2 - 39*i - 1304. What is b(-33)?
-17
Let r(j) = 331*j**2 + 679*j + 18. Give r(-2).
-16
Let i(o) = -o**3 - 56*o**2 - 81*o - 505. What is i(-54)?
-1963
Let h(t) = -363*t**2 - 2526*t - 2109. Calculate h(-6).
-21
Let q(s) = -3*s**2 - 16*s + 3417. Determine q(31).
38
Let n(c) = c**3 + 278*c**2 - 2604*c - 5982. Determine n(-287).
45
Let g(v) = -4*v**3 + 10*v**2 - 10395*v + 20756. Give g(2).
-26
Let t(b) = -44*b**2 - 2696*b - 18752. What is t(-8)?
0
Let q(k) = 2088*k + 33471. Determine q(-16).
63
Let i(o) = -o**2 - 253*o + 3229. What is i(-266)?
-229
Let r(b) = -2*b**3 + 30*b**2 + 14*b + 290. Determine r(16).
2
Let w(n) = -n**3 - 77*n**2 - 670*n - 327. Determine w(-67).
-327
Let o(h) = 3109*h**2 + 90156*h - 178. Give o(-29).
-33
Let t(w) = 8636*w - 224526. What is t(26)?
10
Let i(f) = 980*f - 39155. Calculate i(40).
45
Let u(b) = 5*b**2 + 1240*b - 1236. Calculate u(1).
9
Let m(h) = 72*h**3 - 4*h**2 + 3*h - 37. Calculate m(-3).
-2026
Let f(x) = -17*x**3 - 268*x**2 + 78*x - 33. Give f(-16).
-257
Let m(f) = 113*f - 5675. Determine m(51).
88
Let g(h) = -35*h**2 - 5671*h - 351. What is g(-162)?
-189
Let f(l) = -l**3 - 589*l**2 - 6337*l - 114. Give f(-11).
-345
Let s(p) = -50*p**3 + 3057*p**2 - 427*p + 3. What is s(61)?
3
Let b(f) = -15*f**2 - 234*f + 463. Calculate b(2).
-65
Let w(h) = 2235*h + 13689. Give w(-6).
279
Let l(k) = k**3 - 20*k**2 - 113*k - 218. Calculate l(25).
82
Let h(a) = 2*a**3 - 6*a**2 - 167*a + 6. What is h(-8)?
-66
Let f(s) = s**3 + 219*s**2 - 304407*s - 4086. Calculate f(453).
-9
Let r(b) = -2421*b + 60528. Calculate r(25).
3
Let z(m) = m**3 - 42*m**2 + 37*m + 2156. Calculate z(0).
2156
Let i(u) = -u**2 + 16051*u + 1177052. Give i(-73).
0
Let g(j) = -83*j + 2483. Give g(29).
76
Let m(w) = w**2 - 6099*w + 12202. Give m(2).
8
Let f(p) = 3*p**3 - 13*p**2 - 3028*p - 3. Calculate f(0).
-3
Let h(t) = 5*t**2 + 1128*t + 41305. Calculate h(-46).
-3
Let b(t) = -145*t**3 - t**2 + 57*t + 178. Determine b(-3).
3913
Let d(u) = u**3 + 29*u**2 - 9705*u - 315904. Determine d(-33).
5
Let f(d) = -1756093*d + 1756076. Calculate f(1).
-17
Let a(o) = 2*o**2 + 1309*o + 95713. Calculate a(-84).
-131
Let i(k) = -3*k**2 + 60130*k - 180376. Give i(3).
-13
Let t(q) = 21*q**3 + 2*q**2 - 41*q - 133. What is t(-3)?
-559
Let l(m) = m**3 - 837*m**2 + 9552*m - 384905. What is l(826)?
11
Let k(o) = -12*o**2 + 73*o - 132. What is k(7)?
-209
Let r(i) = 157*i**2 - 1962*i + 41. Give r(12).
-895
Let u(r) = -388349*r + 2. What is u(0)?
2
Let y(v) = -357*v + 18567. Calculate y(52).
3
Let d(p) = 31510*p + 1323431. What is d(-42)?
11
Let v(w) = 281*w**2 - 3198*w + 1186. Give v(11).
9
Let k(q) = -50*q**2 + 268*q - 27. Give k(3).
327
Let h(w) = w**2 + 1689*w + 1073. What is h(0)?
1073
Let k(y) = -7*y**3 - 516*y**2 + 128*y - 1113. Determine k(-74).
367
Let j(m) = 137*m**3 + 3*m**2 + 462*m - 467. What is j(1)?
135
Let b(i) = 3024*i + 885956. Give b(-293).
-76
Let y(k) = 6863*k + 734333. Calculate y(-107).
-8
Let i(p) = p**3 - 179*p**2 + 688*p + 370. Give i(175).
-1730
Let x(o) = -228640*o - 2286332. What is x(-10)?
68
Let w(t) = 474*t + 237000. What is w(-500)?
0
Let k(b) = b**3 - 20*b**2 - 25*b + 124. Give k(9).
-992
Let b(k) = -14*k**3 + 127*k**2 - 18*k + 50. Determine b(9).
-31
Let h(w) = 886*w + 30209. Give h(-34).
85
Let o(y) = 26*y**2 - 2794*y + 64387. Give o(74).
7
Let g(m) = -1123*m**2 - 375092*m - 3332. What is g(-334)?
8
Let b(g) = 1036*g + 35168. Give b(-34).
-56
Let r(o) = -2*o**2 + 1917*o - 130911. Calculate r(74).
-5
Let f(a) = a**2 - 84*a - 1768. Give f(100).
-168
Let z(s) = -18317*s + 879129. Determine z(48).
-87
Let i(x) = 83*x**3 + 536*x**2 + 231*x + 23. What is i(-6)?
5
Let k(x) = -14337*x + 1792136. Give k(125).
11
Let g(r) = 2*r**2 - 7130*r + 127568. What is g(18)?
-124
Let i(y) = 4*y**2 + 2713*y - 136348. What is i(47)?
-1
Let u(d) = -d**3 + 436*d**2 + 3828*d - 1292993. Calculate u(438).
-17
Let z(r) = -10110*r + 667249. Give z(66).
-11
Let x(y) = -41*y**2 - 2215*y + 294. Determine x(-54).
348
Let h(q) = -1086734*q - 6520404. Determine h(-6).
0
Let o(w) = w**3 + 1094*w**2 - 1105*w - 10923. What is o(-1095)?
27
Let r(c) = -c**3 + 176*c**2 + 4569*c + 579. Calculate r(199).
-1013
Let i(n) = -57157*n + 1143127. Calculate i(20).
-13
Let t(s) = 585418*s + 25758396. Determine t(-44).
4
Let